*3 - 6*r**2 - 6*r - 4. Suppose -g = -6*m - 0*g - 27, -4*m = 2*g + 26. What is c(m)?
1
Let a(l) be the second derivative of 3*l + 1/20*l**5 + 4*l**2 + 15 - 7/12*l**4 - 1/6*l**3. Give a(7).
1
Let y(d) = 2*d - 1. Let m = -61 - -61. Suppose -2*v + 2*k - 4 + 2 = m, 2*k = 3*v + 4. What is y(v)?
-5
Let j(z) = 2*z**2 - 20*z - 7. Let l(k) = -k**3 - 10*k**2 - 22*k + 3. Let u be l(-7). Give j(u).
-7
Let z(l) = 3*l - 1 + l**3 + 25*l**2 - 11*l**2 - 2*l - 9*l**2. Determine z(-4).
11
Let f = 242 - 443. Let h = 203 + f. Let x(c) = 0*c + 0*c + 5*c. Determine x(h).
10
Let v(s) = s**2 - 7*s. Let r be 1 - -1*(7 - 3). Suppose -2*w + y + 8 = -y, r*w - 32 = y. Calculate v(w).
0
Let w(y) be the first derivative of -y**5/60 + y**4/8 + y**3/2 - y**2/2 + 4. Let x(o) be the second derivative of w(o). Suppose 4*j - 11 = 1. What is x(j)?
3
Let z(c) = -c**2 - 2*c + 4. Let f be z(0). Let n = 1 - -3. Let q(r) = -6 + 0*r + r + r**2 + n*r - 2*r**2. Give q(f).
-2
Let n(o) be the first derivative of -11*o**2/2 + 58*o + 698. Determine n(5).
3
Suppose 2 + 4 = 6*o. Let m(x) = -o + 2*x - x + 6 - 3*x. What is m(7)?
-9
Suppose -2*b + 55 = -43. Let f = b + -55. Let c(d) be the first derivative of d**3/3 + 7*d**2/2 + 2*d - 2. Give c(f).
-4
Let k(m) be the second derivative of m**5/20 + m**4/4 + 2*m**3/3 + 3*m**2 + 53*m. Give k(-4).
-26
Let z(o) = -4*o**2 - 598*o + o**3 + 590*o + 5 + 1. Suppose 8 = 3*q - 7*q, 30 = 4*k - 5*q. Calculate z(k).
-9
Let c be 2 - 2 - 1 - -2. Let y(b) = b + 0*b + c + 6 - 4. Let w = -9 - -3. What is y(w)?
-3
Let b(v) be the second derivative of v**3/6 + v**2 - 2*v. Let k(y) be the first derivative of y**2/2 + 5*y - 4. Let r be k(-8). Determine b(r).
-1
Let r(w) be the third derivative of w**6/120 + w**5/10 - 7*w**4/24 + w**3 - 23*w**2. Suppose 13*f + 107 - 16 = 0. Determine r(f).
6
Let r(a) = 3*a - 1. Let i be 24/56 - (1 - 93/(-21)). Let x(b) = b**2 - b**2 - b**2 - 5*b + 4. Let u be x(i). What is r(u)?
11
Let v(t) be the first derivative of -1/4*t**4 + 4/3*t**3 + 5/2*t**2 - 8 - 6*t. What is v(5)?
-6
Let i(z) = -10*z + 14. Let q(g) = 37*g - 56. Let w(v) = 22*i(v) + 6*q(v). Determine w(19).
10
Let j(b) = -b**2 + 17 - 109*b - 119*b - 3 + 224*b. What is j(5)?
-31
Let k be 13/(-26) - (-11)/2. Suppose -15 = -0*j + k*j. Let u(d) be the third derivative of -d**6/120 - d**5/20 - d**4/8 - d**3/3 - d**2. Give u(j).
7
Let w be 6/12 + 6/4. Let n(f) = w - 5 + 0 - f. Suppose 0 = k - 5 - 0. What is n(k)?
-8
Let t = -35 + 37. Let y(l) = l - 3*l**3 + 16*l**t + 16*l**2 - 34*l**2. Give y(1).
-4
Let s(d) = d**3 - d**2. Let y(j) = 6*j**3 + 10*j**2 + 13*j - 10. Let g(l) = 5*s(l) - y(l). Let p(z) = -z**3 + 9*z**2 - 31*z + 25. Let w be p(3). What is g(w)?
-4
Let o(s) = s - 7. Let h(q) = q**2 - 10*q - 65. Let u be h(15). Determine o(u).
3
Let i(m) = m + 19. Let k(d) = 33*d - 12. Let y be k(0). What is i(y)?
7
Suppose 68 - 14 = 9*i. Let x(o) = o**3 - 5*o**2 - 6*o - 2. Give x(i).
-2
Suppose -19*p + 2 + 169 = 0. Let l(n) = n**3 - 9*n**2 + 3. Give l(p).
3
Let f(w) = w**3 + 9*w**2 + 7*w - 2. Let n = 434 + -441. Give f(n).
47
Let g(d) = -d. Let n(q) be the second derivative of q**3/2 - 11*q. Let x(l) = 11*g(l) + 4*n(l). Calculate x(-2).
-2
Let g be (-3 - -2)/(1/2). Suppose -3*l = -4*l + 2. Let i(b) = 2 + 2*b - 2*b**2 - 3 + b**3 + 6*b**l. Determine i(g).
3
Let z(m) be the second derivative of m**4/12 - m**3/3 + m**2/2 - 6*m + 8. What is z(-4)?
25
Let t(i) be the third derivative of -i**4/24 + 4*i**3/3 + i**2. Let s = 35 + -63. Let p = 33 + s. Calculate t(p).
3
Let i(y) = 20*y - y**2 + 9 - 42*y + 15*y + 17. Calculate i(-10).
-4
Let o(i) = 490*i**2 + 0*i + i - 487*i**2. Suppose c = 4*x - 14, -3*c - c - 5*x = -7. Give o(c).
10
Let b(s) be the third derivative of s**4/24 + 11*s**3/6 - 68*s**2 - 2*s. Give b(-4).
7
Let l(u) = 5*u + 1. Let r = -37 + 26. Let h be (-6)/(2/1) - r. Suppose h*o - 3*o = -5. What is l(o)?
-4
Let u(h) = 21*h**2 - h - 1. Let i = -110 + 109. Give u(i).
21
Let t(b) be the second derivative of -b**6/120 - b**5/20 + b**4/6 + b**3 - 4*b**2 + 3*b. Let l(x) be the first derivative of t(x). Determine l(-4).
6
Let k(z) be the first derivative of z**4/4 - 5*z**3/3 + 3*z**2/2 + 109. Give k(5).
15
Let t(v) = 20 + v - 20. Let j(x) = x**3 + 5*x**2 + x + 6. Let h be j(-5). Let o be ((-1)/h)/(2/6). What is t(o)?
-3
Let n(y) = y**2 - 7*y - 3. Let l be (13/7 - 1)/(1/(-7)). Let a be 1/((21/(-49))/(l/2)). Give n(a).
-3
Let b(f) = -3*f + 0*f**2 - f**2 - 2*f + 1. Let z be 16/32 - 13/(-2). Suppose u = -n - 5, z = -n - u - 2*u. Determine b(n).
5
Let f(x) = -x**3 - 3*x**2 - 2*x - 5. Let b(a) = a**2 + 1. Let m(p) = 6*b(p) + f(p). Suppose 0 = 3*z + 4 - 19. Let h be 13/z + (-8)/(-20). Give m(h).
-5
Suppose 7*m + 3*m + 20 = 0. Let i(h) = -2*h**3 - 2*h**2 + 3*h + 2. Give i(m).
4
Suppose -5*b = -5*d, 4*b = 17 + 3. Suppose 2*q = q + d. Let i(z) = z**2 - 8*z + 6. Determine i(q).
-9
Let v(i) = 36 + 35 - 104 - i + 28. What is v(-6)?
1
Let m be (0 - (-2)/(-4))/((-12)/(-72)). Let x(l) = -l**3 - 4*l**2 - 3*l - 1. Calculate x(m).
-1
Let p(d) = -d**2 - d - 1. Let n(g) = 4*g**2 - 3*g + 6. Let q(k) = -n(k) - 3*p(k). Let s be 0 - (-3 + -1) - -2. Give q(s).
-3
Let s = -325 - -317. Let v(q) = q**3 + 8*q**2 + 3*q - 4. What is v(s)?
-28
Let z = 280 + -287. Let o(j) = j + 13. What is o(z)?
6
Let m(v) = 3*v - 9. Let g(h) = -h. Let n(d) = d**2 + 19*d - 21. Let p be n(-20). Let y(a) = p*m(a) + g(a). Calculate y(6).
-15
Suppose 2*p + 0*p = 0. Let m = 0 + p. Let w(f) be the first derivative of f**2/2 + 6*f - 559. Determine w(m).
6
Let u(t) = -t - 3. Let w(n) = n**2 - 4*n - 3. Let a(x) = -u(x) + w(x). Give a(2).
-2
Let i(p) = p + 16. Let v be (10 - 9)*-1*16. What is i(v)?
0
Let o = 252 + -256. Let c(p) = p**2 - 3*p - 2. Calculate c(o).
26
Let n(x) be the first derivative of x**3/3 - x**2 + 3*x - 170. Determine n(5).
18
Let k(o) = -o**3 + 6*o**2 + 5*o - 9. Let q(g) = -3*g - 183. Let y be q(-63). Calculate k(y).
21
Let f(j) be the third derivative of j**5/60 - 5*j**4/24 + 11*j**3/6 + 590*j**2. Determine f(8).
35
Let c(u) = 11*u - u**2 - 4*u + 2 - 13. Give c(9).
-29
Let x(z) be the third derivative of -z**4/24 - z**3/6 + 2*z**2. Suppose 0 = 7*p + 25 - 46. Give x(p).
-4
Let h(n) = 2*n + 471 + 0*n - 477. Let j = 16 - 9. What is h(j)?
8
Let t = -466 + 470. Let k(x) be the first derivative of -1/3*x**3 - t*x + 2 + x**2. Give k(3).
-7
Let j(p) = p**2 - 6*p - 2. Let c be 18 + (13 - 34 - -12). Calculate j(c).
25
Let q(z) be the second derivative of z**3/6 + 2*z**2 + 8*z. Let t be (15/25)/(2/(-10)). Calculate q(t).
1
Let l(j) = j**3 + 9*j**2 + 4*j + 1. Let f(g) = g**3 + 6*g**2 + 3*g - 3. Let k(v) = -3*f(v) + 2*l(v). Let h be (-2 - 0 - -2)/(-1). Calculate k(h).
11
Let w be 5/(-3) - 2784/(-288). Let x(k) = -k**2 + 10*k - 10. Give x(w).
6
Let u(v) = -v**2 + 4*v - 3. Let r(p) = -p**3 + p**2 - 2*p + 3. Let j(f) = 2*f**2 + 10*f + 8. Let m be j(-4). Let z be r(m). Give u(z).
0
Let l(k) = k + 2. Let u(p) = -2*p - 22. Let h(s) = -8*l(s) - u(s). What is h(-4)?
30
Let f be (9/(-6))/(2/(-4)). Let b(t) = -9*t**3 - 9 + 4*t + t**2 + 5 + 8*t**3. What is b(f)?
-10
Let x(m) = 0*m**3 + 1 - 170*m**2 + 169*m**2 + m - 2*m**3 + m**3. Let h(o) = -2*o**3 - 3*o**2 + 5*o + 2. Let w(l) = -h(l) + 3*x(l). Give w(1).
-2
Let o(k) = k**2 - 4*k - 1. Let a(v) = v**3 + 5*v**2 + 4*v - 2. Let y be a(-4). Let m be y/(-6*1) - (-187)/51. What is o(m)?
-1
Let l(s) be the first derivative of -s**3/3 + 3*s**2 - 5*s - 32. Calculate l(4).
3
Let c(t) = -5*t**3 - 3*t**2 - 4*t. Let l(w) = w**3 + w**2 + w. Let k(i) = c(i) + 4*l(i). Let x(b) = b**2 - 8*b + 7. Let u be x(7). Calculate k(u).
0
Let b(i) = 6*i**3 + i**2 - 1. Let a(v) be the second derivative of -v**3/6 + 9*v**2/2 - 5*v. Let j be a(10). What is b(j)?
-6
Suppose 4*i - 24 = 4*k - 0*k, -k + 14 = -5*i. Let w(g) = -g - 12. Calculate w(k).
-1
Let i(q) = q**3 + 6*q**2 + 5. Let v be (-1 + -2)*(-10)/(-3). Let o(p) = p**2 + 12*p + 14. Let t be o(v). Let u(k) = k. Let d be u(t). Calculate i(d).
5
Let l(n) = -n**3 - 2*n**2 + 6*n - 3. Let v(f) = 30*f - 268. Let z be v(9). Determine l(z).
-7
Suppose 15 = 5*y, 2*p - y + 5 = 4*y. Let r(q) = 6*q - 3. Let o(c) = 7*c - 4. Suppose 8 = -5*t + 28. Let h(a) = t*o(a) - 5*r(a). Determine h(p).
-11
Let r(w) = 0*w**3 + 64*w + 6*w**3 - 33*w - 7*w**3 - 7 - 28*w + 6*w**2. Let l be 0 - -3*(-2 + 4). Suppose